n 457505 is divided by 19037.
617
Calculate the remainder when 457714 is divided by 35188.
270
Calculate the remainder when 245505 is divided by 6139.
6084
What is the remainder when 297742 is divided by 1328?
270
What is the remainder when 63643517 is divided by 1043336?
21
Calculate the remainder when 367891 is divided by 3532.
563
What is the remainder when 212898830 is divided by 161?
158
What is the remainder when 115984782 is divided by 1049?
1048
Calculate the remainder when 76449303 is divided by 144.
135
What is the remainder when 658623 is divided by 329081?
461
What is the remainder when 3964471 is divided by 841?
838
Calculate the remainder when 312253475 is divided by 1371.
1370
Calculate the remainder when 20475266 is divided by 986.
976
Calculate the remainder when 1938583 is divided by 646190.
13
Calculate the remainder when 39029 is divided by 18525.
1979
What is the remainder when 11043624 is divided by 3681198?
30
Calculate the remainder when 737765 is divided by 9707.
33
What is the remainder when 2261119 is divided by 1432?
1423
What is the remainder when 2321908 is divided by 49?
43
What is the remainder when 363196 is divided by 121010?
166
What is the remainder when 241258 is divided by 2893?
1139
What is the remainder when 63997 is divided by 2826?
1825
What is the remainder when 1158922 is divided by 1422?
1414
Calculate the remainder when 10735798 is divided by 10.
8
Calculate the remainder when 4856194 is divided by 27909.
28
What is the remainder when 12451898 is divided by 4150630?
8
What is the remainder when 762088 is divided by 1995?
1993
Calculate the remainder when 7636281 is divided by 1609.
1576
What is the remainder when 90443 is divided by 29642?
1517
What is the remainder when 2196661 is divided by 1682?
1651
Calculate the remainder when 2893051 is divided by 965.
946
Calculate the remainder when 306259899 is divided by 785.
784
Calculate the remainder when 3967034 is divided by 257.
239
Calculate the remainder when 43988998 is divided by 62.
60
What is the remainder when 2500958 is divided by 1540?
1538
What is the remainder when 318119 is divided by 2840?
39
Calculate the remainder when 8992617 is divided by 30.
27
What is the remainder when 21405481 is divided by 290?
1
What is the remainder when 360553 is divided by 71671?
2198
What is the remainder when 521859 is divided by 96?
3
Calculate the remainder when 125347266 is divided by 2427.
2424
Calculate the remainder when 231521569 is divided by 27.
25
Calculate the remainder when 13486943 is divided by 2393.
2388
What is the remainder when 62160117 is divided by 1210?
1207
Calculate the remainder when 259947 is divided by 383.
273
What is the remainder when 6884053 is divided by 4059?
4048
What is the remainder when 128509365 is divided by 3561?
3558
Calculate the remainder when 2943230 is divided by 132.
26
What is the remainder when 383301264 is divided by 127767087?
3
What is the remainder when 5694523 is divided by 379634?
13
What is the remainder when 98942510 is divided by 11?
7
What is the remainder when 7519349 is divided by 327?
311
What is the remainder when 5313667 is divided by 123554?
845
What is the remainder when 936421869 is divided by 12?
9
Calculate the remainder when 12566094 is divided by 41.
4
Calculate the remainder when 513475862 is divided by 88.
86
What is the remainder when 374311 is divided by 187028?
255
What is the remainder when 13688713 is divided by 622214?
5
Calculate the remainder when 1999301 is divided by 1728.
5
Calculate the remainder when 1714 is divided by 235.
69
Calculate the remainder when 1590033 is divided by 244.
129
Calculate the remainder when 94981 is divided by 93783.
1198
Calculate the remainder when 1009356039 is divided by 902.
901
Calculate the remainder when 12523699 is divided by 553.
461
What is the remainder when 414953 is divided by 2150?
3
What is the remainder when 51880 is divided by 360?
40
Calculate the remainder when 261094 is divided by 28093.
8257
Calculate the remainder when 14265199 is divided by 1241.
1145
Calculate the remainder when 6023181 is divided by 48.
45
Calculate the remainder when 157115 is divided by 22428.
119
Calculate the remainder when 31722735 is divided by 225.
210
What is the remainder when 665513653 is divided by 18?
13
Calculate the remainder when 47518346 is divided by 4645.
4641
What is the remainder when 52707 is divided by 25408?
1891
Calculate the remainder when 18765 is divided by 2274.
573
Calculate the remainder when 231999 is divided by 3314.
19
What is the remainder when 3226659 is divided by 153650?
9
What is the remainder when 66362 is divided by 1459?
707
Calculate the remainder when 28234401 is divided by 902.
899
Calculate the remainder when 192920 is divided by 828.
824
What is the remainder when 5178652 is divided by 86?
76
Calculate the remainder when 548186 is divided by 6.
2
What is the remainder when 34699242 is divided by 502?
500
What is the remainder when 152061 is divided by 149146?
2915
What is the remainder when 202846 is divided by 9199?
468
What is the remainder when 1977170 is divided by 4?
2
Calculate the remainder when 9208928 is divided by 473.
91
What is the remainder when 1403629 is divided by 2299?
1239
Calculate the remainder when 16228913 is divided by 11.
8
Calculate the remainder when 725026 is divided by 9293.
172
Calculate the remainder when 581042 is divided by 1377.
1325
What is the remainder when 407357 is divided by 4026?
731
Calculate the remainder when 8725056 is divided by 6259.
10
What is the remainder when 2361078 is divided by 8315?
7933
What is the remainder when 2187745 is divided by 2759?
2617
What is the remainder when 2382197 is divided by 10?
7
Calculate the remainder when 27040803 is divided by 124.
123
Calculate the remainder when 1876858 is divided by 15.
13
What is the remainder when 17178 is divided by 3237?
993
Calculate the remainder when 69064 is divided by 69020.
44
What is the remainder when 5790365 is divided by 36?
17
What is the remainder when 72655 is divided by 18115?
195
What is the remainder when 2083274 is divided by 18274?
38
Calculate the remainder when 1392007 is divided by 5502.
1
Calculate the remainder when 21457324 is divided by 46.
26
Calculate the remainder when 11064856 is divided by 1005891.
55
What is the remainder when 4315905 is divided by 2958?
183
What is the remainder when 9979900 is divided by 513?
511
What is the remainder when 533657 is divided by 92?
57
Calculate the remainder when 1859767 is divided by 12235.
47
Calculate the remainder when 86033 is divided by 16066.
5703
What is the remainder when 51162 is divided by 25464?
234
Calculate the remainder when 308983 is divided by 102912.
247
What is the remainder when 28823048 is divided by 613256?
16
What is the remainder when 2689612 is divided by 514?
364
What is the remainder when 19268 is divided by 4462?
1420
What is the remainder when 410514 is divided by 4064?
50
What is the remainder when 16828 is divided by 3222?
718
What is the remainder when 140744 is divided by 148?
144
Calculate the remainder when 3367671 is divided by 2001.
1989
Calculate the remainder when 222685 is divided by 313.
142
Calculate the remainder when 240049 is divided by 731.
281
Calculate the remainder when 79551 is divided by 5672.
143
What is the remainder when 259518 is divided by 1516?
282
What is the remainder when 116848 is divided by 19433?
250
What is the remainder when 25593 is divided by 583?
524
What is the remainder when 755880 is divided by 20987?
348
Calculate the remainder when 1290 is divided by 663.
627
Calculate the remainder when 21922605 is divided by 87.
84
Calculate the remainder when 130089 is divided by 43333.
90
What is the remainder when 371283446 is divided by 11?
6
Calculate the remainder when 9077257 is divided by 27.
19
What is the remainder when 1011518 is divided by 28096?
62
Calculate the remainder when 4504070 is divided by 40946.
10
Calculate the remainder when 124657 is divided by 82.
17
What is the remainder when 1281993 is divided by 833?
6
What is the remainder when 616238 is divided by 123247?
3
Calculate the remainder when 116901 is divided by 1581.
1488
Calculate the remainder when 20896 i